{"id":271,"date":"2021-06-02T13:04:52","date_gmt":"2021-06-02T11:04:52","guid":{"rendered":"https:\/\/www.greensurance.de\/oekopunkte\/?page_id=271"},"modified":"2021-06-02T13:28:45","modified_gmt":"2021-06-02T11:28:45","slug":"oekopunkte-fuer-nachhaltige-hotels","status":"publish","type":"page","link":"https:\/\/www.greensurance.de\/oekopunkte\/oekopunkte-fuer-nachhaltige-hotels\/","title":{"rendered":"\u00d6kopunkte f\u00fcr Nachhaltige Hotels"},"content":{"rendered":"<p>Greensurance\u00ae bietet speziellen Versicherungsschutz f\u00fcr (fast) alles, was die Umwelt sch\u00fctzt und dem Klima hilft, und belohnt mit diesen Sonderkonzepten auch noch Ihr Engagement mit \u00d6kopunkten.<\/p>\n<p style=\"text-align: left;\"><strong>Unser Sonderkonzept f\u00fcr Nachhaltige Hotels steht Ihnen alsbald zur Verf\u00fcgung.\u00a0<\/strong><\/p>\n<p>&nbsp;<\/p>\n<p>&nbsp;<\/p>\n<p>&nbsp;<\/p>\n<p>&nbsp;<\/p>\n<p>&nbsp;<\/p>\n<p>&nbsp;<\/p>\n<p>&nbsp;<\/p>\n<p>&nbsp;<\/p>\n<p>&nbsp;<\/p>\n<p>&nbsp;<\/p>\n<p>&nbsp;<\/p>\n<p>&nbsp;<\/p>\n<p>&nbsp;<\/p>\n<p>&nbsp;<\/p>\n<p>&nbsp;<\/p>\n<p>&nbsp;<\/p>\n<p>&nbsp;<\/p>\n<p>&nbsp;<\/p>\n<p>&nbsp;<\/p>\n<p>&nbsp;<\/p>\n<p>&nbsp;<\/p>\n","protected":false},"excerpt":{"rendered":"<p>Greensurance\u00ae bietet speziellen Versicherungsschutz f\u00fcr (fast) alles, was die Umwelt sch\u00fctzt und dem Klima hilft, und belohnt mit diesen Sonderkonzepten auch noch Ihr Engagement mit \u00d6kopunkten. Unser Sonderkonzept f\u00fcr Nachhaltige Hotels steht Ihnen alsbald zur Verf\u00fcgung.\u00a0 &nbsp; &nbsp; &nbsp; &nbsp; &nbsp; &nbsp; &nbsp; &nbsp; &nbsp; &nbsp; &nbsp; &nbsp; &nbsp; &nbsp; &nbsp; &nbsp; &nbsp; &nbsp; &nbsp;&hellip;<\/p>\n","protected":false},"author":21,"featured_media":96,"parent":0,"menu_order":0,"comment_status":"closed","ping_status":"closed","template":"","meta":{"footnotes":""},"class_list":["post-271","page","type-page","status-publish","has-post-thumbnail","hentry","description-off"],"_links":{"self":[{"href":"https:\/\/www.greensurance.de\/oekopunkte\/wp-json\/wp\/v2\/pages\/271","targetHints":{"allow":["GET"]}}],"collection":[{"href":"https:\/\/www.greensurance.de\/oekopunkte\/wp-json\/wp\/v2\/pages"}],"about":[{"href":"https:\/\/www.greensurance.de\/oekopunkte\/wp-json\/wp\/v2\/types\/page"}],"author":[{"embeddable":true,"href":"https:\/\/www.greensurance.de\/oekopunkte\/wp-json\/wp\/v2\/users\/21"}],"replies":[{"embeddable":true,"href":"https:\/\/www.greensurance.de\/oekopunkte\/wp-json\/wp\/v2\/comments?post=271"}],"version-history":[{"count":2,"href":"https:\/\/www.greensurance.de\/oekopunkte\/wp-json\/wp\/v2\/pages\/271\/revisions"}],"predecessor-version":[{"id":278,"href":"https:\/\/www.greensurance.de\/oekopunkte\/wp-json\/wp\/v2\/pages\/271\/revisions\/278"}],"wp:featuredmedia":[{"embeddable":true,"href":"https:\/\/www.greensurance.de\/oekopunkte\/wp-json\/wp\/v2\/media\/96"}],"wp:attachment":[{"href":"https:\/\/www.greensurance.de\/oekopunkte\/wp-json\/wp\/v2\/media?parent=271"}],"curies":[{"name":"wp","href":"https:\/\/api.w.org\/{rel}","templated":true}]}}